3 - 4*d**2 + 6*d + 8. Let u be y(-5). Suppose -u*h + 254 = -f*h. Is h composite?
True
Let k = 111229 + -11186. Is k a composite number?
False
Suppose 0 = -18*u + 19*u - 14882. Suppose -11*s + u + 12035 = 0. Is s a prime number?
True
Suppose 2*q + 12 = -4*y, 3*q - 5*y = -10 + 47. Suppose -2728 = q*u + 2*n - 10838, 3*n - 6078 = -3*u. Is u a prime number?
True
Let j = 26 + -22. Suppose 4*c = -j*g + 5192, 3*g - c - 2402 = 1488. Is g a composite number?
False
Suppose 2*p - 6 = p + 4*m, -3*p + m = 4. Let k be p/(-5) - 7/35*-48. Suppose 13*a = k*a + 1191. Is a composite?
False
Let m = -35160 - -19816. Let f be (-20 - -21)/(7/(-35)). Is (f/(-4))/(-4*7/m) a composite number?
True
Suppose -4*d - 23344 = -2*g + 17934, -4*g + d = -82577. Is g a composite number?
True
Let z be (-190)/20 + (-2)/(-4). Let l(f) = -7*f - 10. Let u be l(z). Let q = u + 528. Is q prime?
False
Let o(x) = 10*x + 754. Let k be o(-2). Let p = -1 + 1. Suppose p = 2*q - 2508 + k. Is q a prime number?
True
Let c(o) = -131*o**3 - 5*o**2 + 2*o - 5. Let q be c(-5). Suppose 4*g = 346559 - q. Suppose 0 = 18*v + 30435 - g. Is v composite?
False
Let g = 234811 - 108870. Is g prime?
True
Let f be (0 - 1)*4 - (-3 - 5). Suppose -6*s + f*y + 19168 = -s, 3*s - 11505 = y. Suppose 2*l - 6*l + s = 0. Is l a composite number?
True
Let b be 1/(-3) - 10/15. Let q be (3 + 3)/(2 - b). Suppose -4*t = -3*i + 3567, -i + q*i - 4*t - 1181 = 0. Is i a composite number?
False
Suppose -11 = -v - 8. Let n(b) = 3*b - 1 + v*b + b**3 + 24*b**2 - 10*b**2. Is n(-6) composite?
False
Let m(q) = -46*q - 15. Let j = -45 - -47. Let u be 14/(j - (4 - 0)). Is m(u) a prime number?
True
Let z = 101848 + -8717. Is z composite?
False
Let g = -43159 - -20680. Is g*3/18*-2 prime?
False
Let j(f) = f**2 - 10*f + 22. Let p be j(9). Suppose 2*u + p*u = 14385. Is u a prime number?
False
Suppose -y - 2*u + 146165 = 0, -y + 146139 = -6*u - 5*u. Is y a prime number?
True
Let v be 1549/1 - (-6 + 6). Let t = -987 + v. Suppose 0 = -3*x - 4*f + 2017, -4*x + t = -3*f - 2094. Is x a prime number?
False
Let f = 2385857 - 869518. Is f prime?
False
Suppose 0 = 4*f + 4 - 4. Suppose f = 7*k - 19 - 16. Suppose 3*i - k*m = 437, -i - m + 141 = -5*m. Is i composite?
False
Suppose 5*i + 40 = 4*m, 0*i - 5*i - 35 = -3*m. Suppose -h = 2, 2*d + m*h - 2*h = 6580. Is d prime?
False
Let n be 2/9 - (-288744)/216. Is n - (-16)/(16/4) - -4 a composite number?
True
Suppose -30*g + 49 = -41. Suppose 207 = 5*y - 3*f + 70, -3*y + 63 = g*f. Is y a composite number?
True
Let g(q) = -1605*q - 700. Let u be g(-5). Let x(m) = -m + 4. Let k be x(-7). Suppose -k*d + 2454 = -u. Is d prime?
False
Suppose 41*r - 759894 - 367047 - 718100 = 0. Is r a prime number?
False
Is ((-39)/(-12) - 2) + 17798814/72 prime?
False
Let a = 542301 + -31496. Is a prime?
False
Suppose 0 = -s - 91 + 99. Suppose -s*y = -27 - 5. Suppose -y*w + 3*w = -919. Is w prime?
True
Suppose 32*a - 27*a + c - 268490 = 0, 4*a - 5*c - 214792 = 0. Is a prime?
False
Let w(a) = 133*a**2 - 5*a + 53. Let n be w(-9). Suppose n = 2*k - 2319. Is k a composite number?
True
Let l(q) = -3*q**2 - 13*q + 5. Let u(r) = -10*r**2 - 40*r + 16. Let f(g) = 14*l(g) - 4*u(g). Let o be f(24). Let b = o - -2563. Is b a composite number?
True
Suppose 268*b - 273*b + 10 = 0. Suppose 4*o = -4*u + 2444, -o - b*u + 2450 = 3*o. Is o composite?
True
Let b(q) = 4*q**3 - 7*q**2 + q + 3. Let d be b(5). Let m = d + 4. Suppose -134 = -3*u + m. Is u a composite number?
False
Let z(p) = p + 24. Let a be z(-13). Suppose -a = -4*d + 1. Suppose d*j - 174 - 3 = 0. Is j composite?
False
Let z = -60 + 76. Suppose 4*g - 4*t = z, 0 = -2*g - 2*g + t + 25. Suppose -733 = 6*n - g*n. Is n composite?
False
Suppose 13*z - 8*z = 3*p + 35, -4*z + 28 = -4*p. Suppose -51978 = y - z*y. Is y composite?
False
Let j = -89 + 25. Let t be j/(-5) + 32/(-40). Suppose 3*i + s = 2*s + 17623, 0 = 3*s + t. Is i prime?
False
Suppose 0 = m + 14*m + 135. Is (-79)/(m/(-93)*(-2)/6) composite?
True
Let y be (371/(-14))/((-2)/8). Suppose -104*o + y*o - 9182 = 0. Suppose 24*a + o = 25*a. Is a prime?
True
Is (-28)/35*(9 - 4) + 114253 composite?
True
Let z = -41 - -46. Suppose h - 828 = -0*h + 3*d, -z*h - 4*d = -4045. Suppose 4*x - 2112 = -4*l, 3*x + l - 781 - h = 0. Is x a composite number?
True
Let c(z) = -z**2 + 30*z - 170. Let t be c(21). Suppose 156469 = t*g - 13524. Is g prime?
False
Let x(f) = 963239*f + 33. Is x(4) a prime number?
False
Let s(o) = 4934*o**2 + 5*o - 2. Suppose -2*h = 4*w + 3*h - 14, -5*w + 7 = h. Is s(w) a composite number?
False
Suppose -21 = -222*v + 229*v. Let h(c) = -c**3 - c + 1. Let n(u) = -29*u**3 + 5*u + 5. Let k(m) = -4*h(m) + n(m). Is k(v) a prime number?
False
Suppose -14*s = -17*s + m + 90303, 0 = -4*s - 4*m + 120404. Is s composite?
True
Let i(o) = -176*o**3 + 2*o**2 - 24*o + 25. Is i(-7) composite?
False
Let f(y) = -2*y**3 - 9*y**2 + 7*y - 7. Let g be f(-7). Suppose -h + 352 = -g. Is h composite?
False
Let o(r) be the third derivative of -721*r**6/60 + r**4/24 - r**2 + 6*r. Is o(-1) a composite number?
True
Let z(t) = -2*t**3 + 115*t**2 + 99*t - 23. Is z(35) a composite number?
False
Let j(i) = 328424*i + 31. Is j(2) composite?
True
Let c(i) = 8*i - 5*i - 5*i - 2 - 6*i - 7. Let q = -1 + -7. Is c(q) composite?
True
Let k(x) = x**3 + 4*x**2 - 3*x - 9. Let z be k(-4). Suppose z*v = 8*v. Suppose 2*g - 3*g + 46 = v. Is g a prime number?
False
Let r(y) = 921*y**2 + 6042*y + 10. Is r(-15) prime?
False
Suppose 2*h + 53 = 3*v, 5*h + 0*v + 136 = 4*v. Is h*(12/(-18))/((-32)/(-18804)) a composite number?
True
Suppose -2*y = 3*j - 81951, 21*y = -4*j + 20*y + 109268. Is j composite?
True
Let g = 580519 + -336356. Is g a prime number?
False
Suppose -2*s - 9 = p + 61, 5*s - 5*p + 190 = 0. Let r = s + 40. Suppose 0 = r*m + m - 20, -2*x + 658 = -m. Is x composite?
False
Let j = -117 + 130. Let q(i) = -i**3 + 15*i**2 - 3*i - 36. Is q(j) prime?
True
Let p(k) = k**3 + 8*k**2 + 11*k. Let w be p(-6). Let v = w - 2. Suppose 4*x + v*a = 360, 0 = -5*a + 5. Is x a composite number?
False
Let k(v) = 2*v**3 - v. Let o be k(1). Let h be (o - 85)*(2 + -1 - 0). Let q = -17 - h. Is q prime?
True
Let h(x) = -x**3 + 43*x**2 - 132*x - 61. Is h(37) a prime number?
False
Suppose -5*n + 10753501 = 4*p, 4*n + 4*p = 8*p + 8602808. Is n a prime number?
False
Suppose -4*c - 20608 + 95844 = -4*r, -5*c = 3*r + 56419. Is ((-4)/(-6) - r/(-6))/(-2) a composite number?
False
Suppose -82975 = 3*y - 4*b - 568816, b = -2*y + 323894. Is y a prime number?
True
Let j = 4 - 0. Let t(g) = -73*g + 122. Let n be t(-26). Suppose 0 = -3*i - j*x + 2030, 0*x + x + n = 3*i. Is i prime?
False
Let d = 231 + -128. Suppose -105*i + d*i = -2294. Is i prime?
False
Suppose -7*m - 252 = -0*m. Let p(y) = -292*y - 77. Is p(m) a composite number?
True
Let v(y) = 7679*y - 3060. Is v(11) composite?
False
Suppose 0 = -17*y + 6*y + 5830. Let w = -201 + y. Is w composite?
True
Suppose -2*o = 2 - 8, 5*o = p - 9381. Let i = p - 3499. Is i prime?
True
Suppose 30353 = p + q, 2*p = 2*q - 17176 + 77882. Is p a prime number?
False
Let a(m) be the third derivative of -5*m**4/2 + 35*m**3/6 + 2*m**2 + 5*m. Is a(-13) a prime number?
False
Suppose -4*g + 557409 = -58311. Is (-6)/(-5)*(g/12)/7 a composite number?
True
Is (120/150)/((-2)/5) - -1831720 - -5 prime?
True
Let d(y) = -y - 1. Let k(o) = 355*o - 64. Let h(f) = -4*d(f) + k(f). Is h(7) a prime number?
False
Let k be (-1)/(15 - 15 - 2/30). Let n be (-3)/k + 80/25. Suppose -5*v = -n*v - 2054. Is v a composite number?
True
Suppose 5*r + 9*o = 8*o + 11, 0 = 3*r - o - 5. Suppose 0 = -17*c + 20*c + 5*y - 10261, -r*c + 6870 = -4*y. Is c a composite number?
True
Let x(y) = -5*y**3 + 4*y**2 - 17*y - 54. Let j be x(-6). Let a = j - -4775. Is a a prime number?
True
Let g = -1820 - -4687. Let q = 5028 - g. Is q composite?
False
Let g(m) = 1767*m**2 - 21*m + 145. Is g(15) a composite number?
True
Let o = 210783 - 131114. Is o prime?
True
Let f = 39 + -36. Let k(n) = 59*n**3 - 5*n**2 - 15*n + 6. Let o(q) = 12*q**3 - q**2 - 3*q + 1. Let l(x) = -2*k(x) + 11*o(x). Is l(f) composite?
False
Suppose 0*t = -94*t + 55548266. Is t a composite number?
True
Let x(c) = 794*c**2 + 64*c + 1. Is x(-6) a composite number?
False
Suppose -2*j = -6, 0*d = d - j - 11007. Suppose 22*c - 28*c + d = 0. Is c prime?
Fals